{"id":388,"date":"2025-11-23T18:58:05","date_gmt":"2025-11-23T15:58:05","guid":{"rendered":"https:\/\/www.izplusegitim.com\/?page_id=388"},"modified":"2025-11-23T19:50:52","modified_gmt":"2025-11-23T16:50:52","slug":"388-2","status":"publish","type":"page","link":"https:\/\/www.izplusegitim.com\/?page_id=388","title":{"rendered":"ISO Belgelendirme ve Dan\u0131\u015fmanl\u0131k Hizmetleri"},"content":{"rendered":"\n<div class=\"wp-block-group alignfull has-global-padding is-layout-constrained wp-container-core-group-is-layout-11c1ca01 wp-block-group-is-layout-constrained\" style=\"padding-right:var(--wp--preset--spacing--50);padding-left:var(--wp--preset--spacing--50)\">\n<div class=\"wp-block-columns is-layout-flex wp-container-core-columns-is-layout-92d71c5b wp-block-columns-is-layout-flex\" style=\"margin-top:0;margin-bottom:0;padding-top:var(--wp--preset--spacing--70);padding-bottom:var(--wp--preset--spacing--70)\">\n<div class=\"wp-block-column is-layout-flow wp-block-column-is-layout-flow\">\n<div class=\"wp-block-columns is-layout-flex wp-container-core-columns-is-layout-28f84493 wp-block-columns-is-layout-flex\">\n<div class=\"wp-block-column is-layout-flow wp-container-core-column-is-layout-8a368f38 wp-block-column-is-layout-flow\">\n<h2 class=\"wp-block-heading has-contrast-color has-text-color has-link-color has-medium-font-size wp-elements-08f5775f6c5978243bf69b507f46d193\" style=\"font-style:normal;font-weight:500\">\u0130z Plus E\u011fitim<\/h2>\n\n\n\n<h2 class=\"wp-block-heading is-style-text-section-header has-accent-5-color has-text-color has-link-color has-xx-large-font-size wp-elements-68842e68b9c7c58cc8b48ba0521ef756 is-style-text-section-header--1\" style=\"font-style:normal;font-weight:500\">ISO Belgelendirme ve Dan\u0131\u015fmanl\u0131k Hizmetleri<\/h2>\n<\/div>\n<\/div>\n\n\n\n<p class=\"has-accent-4-color has-text-color has-link-color has-medium-font-size wp-elements-739ea65f4bbe2921946eebae46a274c2\" style=\"padding-bottom:var(--wp--preset--spacing--40);line-height:1.6\"><strong>ISO E\u011fitimleri<\/strong>, i\u015fletmelerin uluslararas\u0131 standartlara uygun bir y\u00f6netim yap\u0131s\u0131 kurabilmesi ve kaliteyi s\u00fcrd\u00fcr\u00fclebilir hale getirebilmesi i\u00e7in verilen kapsaml\u0131 e\u011fitim programlar\u0131d\u0131r. G\u00fcn\u00fcm\u00fczde i\u015fletmeler; kalite y\u00f6netimi, \u00e7evre y\u00f6netimi, bilgi g\u00fcvenli\u011fi ve i\u015f sa\u011fl\u0131\u011f\u0131 &amp; g\u00fcvenli\u011fi gibi bir\u00e7ok alanda belirlenmi\u015f standartlara uymak zorundad\u0131r. Bu standartlara uyulmamas\u0131; m\u00fc\u015fteri kayb\u0131, s\u00fcre\u00e7 aksakl\u0131klar\u0131, yasal uyumsuzluklar ve rekabet avantaj\u0131n\u0131n azalmas\u0131 gibi ciddi sonu\u00e7lara yol a\u00e7abilir. ISO e\u011fitimleri, kurumlar\u0131n hem teknik hem de y\u00f6netsel seviyede do\u011fru uygulamalar geli\u015ftirmesine yard\u0131mc\u0131 olur.<\/p>\n\n\n\n<p class=\"has-accent-4-color has-text-color has-link-color has-medium-font-size wp-elements-0e4d2cd1d2eb1ad5e008168fc149543f\" style=\"padding-bottom:var(--wp--preset--spacing--40);line-height:1.6\"><strong>ISO ve Denetim E\u011fitimleri<\/strong>, kat\u0131l\u0131mc\u0131lar\u0131n y\u00f6netim sistemi standartlar\u0131n\u0131 anlamalar\u0131n\u0131, dok\u00fcmantasyon yap\u0131s\u0131n\u0131 do\u011fru kurmalar\u0131n\u0131, s\u00fcre\u00e7leri analiz edebilmelerini ve i\u00e7\/d\u0131\u015f denetimlerde profesyonel \u015fekilde hareket edebilmelerini sa\u011flar. E\u011fitimlerde; ISO 9001 Kalite Y\u00f6netim Sistemi, ISO 14001 \u00c7evre Y\u00f6netim Sistemi, ISO 45001 \u0130\u015f Sa\u011fl\u0131\u011f\u0131 ve G\u00fcvenli\u011fi Y\u00f6netim Sistemi, ISO 27001 Bilgi G\u00fcvenli\u011fi Y\u00f6netim Sistemi ve di\u011fer standartlar\u0131n prensipleri ayr\u0131nt\u0131l\u0131 olarak incelenir. Ayr\u0131ca i\u00e7 denet\u00e7i e\u011fitimleri ile kat\u0131l\u0131mc\u0131lar\u0131n denetim planlama, uygulama, raporlama ve uygunsuzluk takibi konular\u0131na h\u00e2kim olmas\u0131 sa\u011flan\u0131r.<\/p>\n\n\n\n<p class=\"has-accent-4-color has-text-color has-link-color has-medium-font-size wp-elements-029f16b33b13679a44db054f2df6a2ff\" style=\"padding-bottom:var(--wp--preset--spacing--40);line-height:1.6\">ISO ve sosyal uygunluk denetimleri; BSCI, SEDEX\/SMETA, CTPAT, COSTCO, Target, Walmart gibi uluslararas\u0131 markalar\u0131n tedarik zinciri gerekliliklerini de i\u00e7erebilir. Bu s\u00fcre\u00e7lerde i\u015fletmelerin; \u00e7al\u0131\u015fma ko\u015fullar\u0131, i\u015f g\u00fcvenli\u011fi, \u00e7evre y\u00f6netimi, etik kurallar ve tedarik zinciri risk y\u00f6netimi gibi alanlarda uyum sa\u011flamas\u0131 zorunludur. E\u011fitimler, bu gerekliliklerin anla\u015f\u0131lmas\u0131, uygulanmas\u0131 ve denetimlere eksiksiz haz\u0131rlan\u0131lmas\u0131 i\u00e7in kritik bir rol oynar. Kat\u0131l\u0131mc\u0131lar; saha denetimlerinde nas\u0131l davran\u0131lmas\u0131 gerekti\u011fini, dok\u00fcmantasyonun nas\u0131l haz\u0131rlanaca\u011f\u0131n\u0131 ve uygunsuzluklar\u0131n nas\u0131l giderilece\u011fini \u00f6\u011frenir.<\/p>\n\n\n\n<p class=\"has-accent-4-color has-text-color has-link-color has-medium-font-size wp-elements-38c0f0d8356cf00e3fc0a9d17ad7edcc\" style=\"padding-bottom:var(--wp--preset--spacing--40);line-height:1.6\"><\/p>\n\n\n\n<p><\/p>\n\n\n\n<p><\/p>\n<\/div>\n\n\n\n<div class=\"wp-block-column is-vertically-aligned-center is-layout-flow wp-block-column-is-layout-flow\">\n<figure class=\"wp-block-image alignright size-full is-resized has-custom-border\"><img fetchpriority=\"high\" decoding=\"async\" width=\"1024\" height=\"1024\" src=\"http:\/\/www.izplusegitim.com\/wp-content\/uploads\/2025\/11\/Danisman.png\" alt=\"\" class=\"wp-image-350\" style=\"border-radius:20px;width:631px;height:auto\" srcset=\"https:\/\/www.izplusegitim.com\/wp-content\/uploads\/2025\/11\/Danisman.png 1024w, https:\/\/www.izplusegitim.com\/wp-content\/uploads\/2025\/11\/Danisman-300x300.png 300w, https:\/\/www.izplusegitim.com\/wp-content\/uploads\/2025\/11\/Danisman-150x150.png 150w, https:\/\/www.izplusegitim.com\/wp-content\/uploads\/2025\/11\/Danisman-768x768.png 768w\" sizes=\"(max-width: 1024px) 100vw, 1024px\" \/><\/figure>\n\n\n\n<div class=\"wp-block-group has-accent-1-background-color has-background is-nowrap is-layout-flex wp-container-core-group-is-layout-e0b099ed wp-block-group-is-layout-flex\" style=\"border-radius:20px;padding-top:var(--wp--preset--spacing--40);padding-right:var(--wp--preset--spacing--40);padding-bottom:var(--wp--preset--spacing--40);padding-left:var(--wp--preset--spacing--40)\">\n<div class=\"wp-block-columns is-layout-flex wp-container-core-columns-is-layout-28f84493 wp-block-columns-is-layout-flex\">\n<div class=\"wp-block-column has-contrast-background-color has-background is-layout-flow wp-block-column-is-layout-flow\" style=\"border-radius:10px;padding-top:var(--wp--preset--spacing--30);padding-right:var(--wp--preset--spacing--30);padding-bottom:var(--wp--preset--spacing--30);padding-left:var(--wp--preset--spacing--30)\">\n<div class=\"wp-block-eryndo-svg-icon aligncenter has-text-align-center eryndo-svg-icon-block has-transparent-background-color has-background is-layout-flow wp-block-eryndo-svg-icon-is-layout-flow\" style=\"border-style:none;border-width:0px;border-radius:0px;margin-top:0;margin-bottom:0;display:inline-block;text-align:center;width:fit-content;margin:0 auto;--icon-color:currentColor;--icon-bg-color:transparent\"><div class=\"svg-icon-container\" style=\"display:inline-flex;align-items:center;justify-content:center;width:48px;height:48px;line-height:0;color:var(--icon-color);background-color:var(--icon-bg-color)\"><img decoding=\"async\" src=\"https:\/\/www.izplusegitim.com\/wp-content\/themes\/eryndo\/assets\/images\/eryndo-icon-9.svg\" alt=\"SVG Icon\" style=\"width:100%;height:100%;object-fit:contain\"\/><\/div><\/div>\n<\/div>\n<\/div>\n\n\n\n<div class=\"wp-block-columns is-layout-flex wp-container-core-columns-is-layout-28f84493 wp-block-columns-is-layout-flex\">\n<div class=\"wp-block-column is-layout-flow wp-container-core-column-is-layout-8a368f38 wp-block-column-is-layout-flow\">\n<h2 class=\"wp-block-heading has-accent-5-color has-text-color has-link-color has-large-font-size wp-elements-e5ac767dd50b294ae40b1aa6649ced8f\" style=\"font-style:normal;font-weight:500\">Profesyonel Uzmanlar\u0131m\u0131z ile Daima Sizinleyiz!<\/h2>\n\n\n\n<p class=\"has-accent-4-color has-text-color has-link-color has-medium-font-size wp-elements-f06b22a7768937532fd19a3a0ac44eef\">+100 E\u011fitim deneyimi ile birlikte.<\/p>\n<\/div>\n<\/div>\n<\/div>\n<\/div>\n<\/div>\n<\/div>\n\n\n\n<div class=\"wp-block-group has-global-padding is-layout-constrained wp-block-group-is-layout-constrained\">\n<div class=\"wp-block-group alignwide is-style-default has-accent-1-gradient-background has-background has-global-padding is-layout-constrained wp-container-core-group-is-layout-ce7006f0 wp-block-group-is-layout-constrained\" style=\"border-radius:20px;margin-top:0;margin-bottom:var(--wp--preset--spacing--80);padding-top:0;padding-right:0;padding-bottom:0;padding-left:0\">\n<div class=\"wp-block-group alignwide has-global-padding is-layout-constrained wp-container-core-group-is-layout-b836f0fe wp-block-group-is-layout-constrained has-background\" style=\"margin-top:var(--wp--preset--spacing--50);margin-bottom:var(--wp--preset--spacing--50);padding-top:var(--wp--preset--spacing--80);padding-right:0;padding-bottom:var(--wp--preset--spacing--80);padding-left:0;background-image:url(&apos;https:\/\/www.izplusegitim.com\/wp-content\/themes\/eryndo\/assets\/images\/eryndo-cta.png&apos;);background-size:cover;\">\n<div class=\"wp-block-group is-vertical is-content-justification-center is-layout-flex wp-container-core-group-is-layout-913ea101 wp-block-group-is-layout-flex\" style=\"padding-right:var(--wp--preset--spacing--70);padding-left:var(--wp--preset--spacing--70)\">\n<div class=\"wp-block-columns is-layout-flex wp-container-core-columns-is-layout-28f84493 wp-block-columns-is-layout-flex\">\n<div class=\"wp-block-column is-layout-flow wp-block-column-is-layout-flow\" style=\"flex-basis:700px\">\n<h2 class=\"wp-block-heading has-text-align-center is-style-text-section-header has-accent-5-color has-text-color has-link-color wp-elements-9f4bd766fbe9c8545cf3c1c971f7fb6f is-style-text-section-header--2\" style=\"font-style:normal;font-weight:500;line-height:1.3\">Daha Detayl\u0131 Bilgi Almak \u0130\u00e7in<\/h2>\n<\/div>\n<\/div>\n\n\n\n<div class=\"wp-block-eryndo-button-widget button-widget-container has-var-preset-color-accent-3-color has-var-preset-color-base-background-color has-text-color has-background\" style=\"padding-top:var(--wp--preset--spacing--20);text-align:center\"><a href=\"https:\/\/www.izplusegitim.com\/?page_id=402\" target=\"_self\" style=\"text-decoration:none\"><div style=\"position:relative;display:inline-flex;align-items:center;gap:15px;background-color:var(--wp--preset--color--base);color:var(--wp--preset--color--accent-3);border-radius:50px;border:none;font-size:16px;font-weight:400;padding:7px 7px 7px 25px;margin:0px 0px 0px 0px;width:fit-content;height:auto;text-align:center;text-decoration:none;cursor:pointer;box-shadow:none;justify-content:flex-start;--button-icon-color:var(--wp--preset--color--base);--button-hover-bg-color:var(--wp--preset--color--base);--button-hover-text-color:;--button-icon-hover-color:var(--wp--preset--color--base);--button-hover-icon-bg-color:var(--wp--preset--color--accent-5)\" class=\"button-widget has-hover-effect has-custom-hover-colors  \"><span style=\"color:var(--wp--preset--color--accent-3);font-size:16px;font-weight:400;flex:1px\">\u0130leti\u015fim<\/span><div style=\"display:inline-flex;align-items:center;justify-content:center;width:38px;height:38px;background-color:var(--wp--preset--color--accent-5);color:var(--wp--preset--color--base);border-radius:50%;font-size:16px;font-weight:bold;box-shadow:none\"><span style=\"display:flex;align-items:center;justify-content:center;width:1em;height:1em;font-size:16px;line-height:1;flex-shrink:0\"><svg width=\"1em\" height=\"1em\" viewBox=\"0 0 24 24\" fill=\"currentColor\" xmlns=\"http:\/\/www.w3.org\/2000\/svg\"><path d=\"M7 17L17 7M17 7H7M17 7V17\" stroke=\"currentColor\" stroke-width=\"2\" stroke-linecap=\"round\" stroke-linejoin=\"round\" fill=\"none\"><\/path><\/svg><\/span><\/div><\/div><\/a><\/div>\n<\/div>\n<\/div>\n<\/div>\n<\/div>\n","protected":false},"excerpt":{"rendered":"<p>\u0130z Plus E\u011fitim ISO Belgelendirme ve Dan\u0131\u015fmanl\u0131k Hizmetleri ISO E\u011fitimleri, i\u015fletmelerin uluslararas\u0131 standartlara uygun bir y\u00f6netim yap\u0131s\u0131 kurabilmesi ve kaliteyi s\u00fcrd\u00fcr\u00fclebilir hale getirebilmesi i\u00e7in verilen kapsaml\u0131 e\u011fitim programlar\u0131d\u0131r. G\u00fcn\u00fcm\u00fczde i\u015fletmeler; kalite y\u00f6netimi, \u00e7evre y\u00f6netimi, bilgi g\u00fcvenli\u011fi ve i\u015f sa\u011fl\u0131\u011f\u0131 &amp; g\u00fcvenli\u011fi gibi bir\u00e7ok alanda belirlenmi\u015f standartlara uymak zorundad\u0131r. Bu standartlara uyulmamas\u0131; m\u00fc\u015fteri kayb\u0131, s\u00fcre\u00e7 aksakl\u0131klar\u0131, [&hellip;]<\/p>\n","protected":false},"author":1,"featured_media":0,"parent":0,"menu_order":0,"comment_status":"closed","ping_status":"closed","template":"","meta":{"_zb_attr":"","zolo_post_video_link":"","footnotes":""},"class_list":["post-388","page","type-page","status-publish","hentry"],"_links":{"self":[{"href":"https:\/\/www.izplusegitim.com\/index.php?rest_route=\/wp\/v2\/pages\/388","targetHints":{"allow":["GET"]}}],"collection":[{"href":"https:\/\/www.izplusegitim.com\/index.php?rest_route=\/wp\/v2\/pages"}],"about":[{"href":"https:\/\/www.izplusegitim.com\/index.php?rest_route=\/wp\/v2\/types\/page"}],"author":[{"embeddable":true,"href":"https:\/\/www.izplusegitim.com\/index.php?rest_route=\/wp\/v2\/users\/1"}],"replies":[{"embeddable":true,"href":"https:\/\/www.izplusegitim.com\/index.php?rest_route=%2Fwp%2Fv2%2Fcomments&post=388"}],"version-history":[{"count":3,"href":"https:\/\/www.izplusegitim.com\/index.php?rest_route=\/wp\/v2\/pages\/388\/revisions"}],"predecessor-version":[{"id":439,"href":"https:\/\/www.izplusegitim.com\/index.php?rest_route=\/wp\/v2\/pages\/388\/revisions\/439"}],"wp:attachment":[{"href":"https:\/\/www.izplusegitim.com\/index.php?rest_route=%2Fwp%2Fv2%2Fmedia&parent=388"}],"curies":[{"name":"wp","href":"https:\/\/api.w.org\/{rel}","templated":true}]}}